3, 7, 31, 353
What are the prime factors of 7552167?
3, 7, 107, 3361
What are the prime factors of 26390395?
5, 1009, 5231
List the prime factors of 6262049.
23, 272263
What are the prime factors of 3672764?
2, 101, 9091
What are the prime factors of 9427744?
2, 101, 2917
List the prime factors of 3866953.
593, 6521
What are the prime factors of 315063?
3, 7, 1667
What are the prime factors of 2009425?
5, 11, 7307
List the prime factors of 37181.
37181
What are the prime factors of 377598?
2, 3, 13, 47, 103
List the prime factors of 1585426.
2, 792713
What are the prime factors of 1096580?
2, 5, 54829
What are the prime factors of 1189929?
3, 13, 2347
What are the prime factors of 2829322?
2, 23, 61507
What are the prime factors of 5863211?
5863211
What are the prime factors of 4671798?
2, 3, 778633
What are the prime factors of 49857?
3, 16619
What are the prime factors of 4931189?
29, 97, 1753
What are the prime factors of 20083364?
2, 7, 59, 12157
List the prime factors of 3163775.
5, 126551
List the prime factors of 13600180.
2, 5, 11, 61819
List the prime factors of 1043955.
3, 5, 11, 19, 37
What are the prime factors of 1105283?
349, 3167
What are the prime factors of 20745783?
3, 113, 20399
What are the prime factors of 39733510?
2, 5, 41, 96911
List the prime factors of 11655.
3, 5, 7, 37
List the prime factors of 29241.
3, 19
What are the prime factors of 232257?
3, 77419
What are the prime factors of 314802?
2, 3, 17489
What are the prime factors of 1673825?
5, 23, 41, 71
What are the prime factors of 358614?
2, 3, 29, 229
What are the prime factors of 240056?
2, 37, 811
List the prime factors of 27210446.
2, 59, 230597
List the prime factors of 35995615.
5, 109, 66047
What are the prime factors of 86789?
59, 1471
List the prime factors of 691366.
2, 13, 26591
List the prime factors of 784961.
784961
What are the prime factors of 14570314?
2, 11, 662287
List the prime factors of 244983.
3, 127, 643
What are the prime factors of 34898?
2, 17449
What are the prime factors of 19359612?
2, 3, 113, 4759
List the prime factors of 2367316.
2, 7, 59, 1433
List the prime factors of 10915586.
2, 11, 496163
List the prime factors of 1998.
2, 3, 37
What are the prime factors of 580565?
5, 116113
What are the prime factors of 579788?
2, 11, 13177
List the prime factors of 1288059.
3, 53, 8101
List the prime factors of 848657.
17, 49921
What are the prime factors of 253855?
5, 7, 7253
List the prime factors of 1648177.
31, 79, 673
What are the prime factors of 49449?
3, 53, 311
List the prime factors of 3089709.
3, 7, 49043
List the prime factors of 1812863.
13, 17, 631
List the prime factors of 788551.
571, 1381
What are the prime factors of 9448045?
5, 53, 101, 353
What are the prime factors of 679062?
2, 3, 113177
What are the prime factors of 1618553?
17, 19, 5011
What are the prime factors of 279302?
2, 359, 389
What are the prime factors of 4844102?
2, 29, 47, 1777
List the prime factors of 32176286.
2, 16088143
List the prime factors of 258332.
2, 17, 29, 131
What are the prime factors of 76264?
2, 9533
List the prime factors of 157961.
137, 1153
What are the prime factors of 16429755?
3, 5, 71, 15427
What are the prime factors of 1486040?
2, 5, 97, 383
What are the prime factors of 2351655?
3, 5, 52259
List the prime factors of 7324275.
3, 5, 7, 1993
List the prime factors of 5891474.
2, 421, 6997
What are the prime factors of 7835735?
5, 1567147
List the prime factors of 13386069.
3, 23, 64667
List the prime factors of 1766587.
1766587
List the prime factors of 2424199.
2424199
List the prime factors of 10990.
2, 5, 7, 157
List the prime factors of 22295401.
22295401
What are the prime factors of 7940468?
2, 241, 8237
What are the prime factors of 20011881?
3, 83, 80369
List the prime factors of 10318330.
2, 5, 11, 19, 4937
List the prime factors of 381379.
29, 13151
What are the prime factors of 21350105?
5, 7, 743, 821
List the prime factors of 9853452.
2, 3, 7, 61, 641
What are the prime factors of 775575?
3, 5, 383
What are the prime factors of 1336705?
5, 267341
List the prime factors of 408672.
2, 3, 11, 43
List the prime factors of 7332156.
2, 3, 13, 15667
List the prime factors of 403856.
2, 43, 587
What are the prime factors of 8409346?
2, 11, 41, 9323
What are the prime factors of 535539?
3, 178513
List the prime factors of 7207983.
3, 17, 47111
What are the prime factors of 227702?
2, 257, 443
What are the prime factors of 3378550?
2, 5, 7, 197
List the prime factors of 8395971.
3, 67, 41771
List the prime factors of 1497145.
5, 13, 31, 743
What are the prime factors of 920853?
3, 102317
List the prime factors of 464442.
2, 3, 11, 31, 227
List the prime factors of 152182.
2, 76091
What are the prime factors of 3226278?
2, 3, 11, 48883
List the prime factors of 274549.
11, 2269
What are the prime factors of 668080?
2, 5, 7, 1193
List the prime factors of 11841595.
5, 59, 137, 293
What are the prime factors of 446035?
5, 37, 2411
What are the prime factors of 1788889?
307, 5827
List the prime factors of 894606.
2, 3, 149101
List the prime factors of 5514156.
2, 3, 31, 61
What are the prime factors of 253013?
253013
List the prime factors of 419140.
2, 5, 19, 1103
What are the prime factors of 11930139?
3, 13, 41, 829
List the prime factors of 2139273.
3, 251, 947
List the prime factors of 13085016.
2, 3, 7, 71, 1097
List the prime factors of 2165443.
7, 17, 31, 587
What are the prime factors of 50346?
2, 3, 2797
What are the prime factors of 268649?
233, 1153
List the prime factors of 25959690.
2, 3, 5, 1187
List the prime factors of 7672950.
2, 3, 5, 17, 59
List the prime factors of 1474017.
3, 491339
List the prime factors of 632659.
43, 14713
List the prime factors of 137882.
2, 71, 971
What are the prime factors of 3268934?
2, 53, 30839
List the prime factors of 918441.
3, 19, 41, 131
List the prime factors of 1475046.
2, 3, 19, 227
List the prime factors of 8713790.
2, 5, 31, 28109
List the prime factors of 713051.
19, 37529
List the prime factors of 183950.
2, 5, 13, 283
What are the prime factors of 175421?
23, 29, 263
List the prime factors of 6685986.
2, 3, 19, 223, 263
What are the prime factors of 2436830?
2, 5, 11, 22153
What are the prime factors of 5286590?
2, 5, 528659
List the prime factors of 1269396.
2, 3, 37, 953
List the prime factors of 6698975.
5, 267959
What are the prime factors of 16961709?
3, 89, 63527
What are the prime factors of 212124?
2, 3, 11, 1607
List the prime factors of 7086434.
2, 347, 10211
List the prime factors of 168922.
2, 13, 73, 89
List the prime factors of 8517566.
2, 457, 9319
List the prime factors of 130209.
3, 43403
What are the prime factors of 322244?
2, 13, 6197
List the prime factors of 18731495.
5, 3746299
What are the prime factors of 4473880?
2, 5, 111847
List the prime factors of 9603166.
2, 619, 7757
What are the prime factors of 20702004?
2, 3, 1019, 1693
List the prime factors of 5609351.
11, 19, 26839
List the prime factors of 92065.
5, 18413
List the prime factors of 5151113.
11, 59, 7937
List the prime factors of 1105306.
2, 17, 19, 29, 59
What are the prime factors of 209341?
11, 19031
List the prime factors of 117688.
2, 47, 313
What are the prime factors of 225839?
225839
List the prime factors of 817693.
787, 1039
List the prime factors of 7798988.
2, 17, 114691
What are the prime factors of 84675?
3, 5, 1129
List the prime factors of 11498685.
3, 5, 11, 227, 307
What are the prime factors of 20484242?
2, 19, 31, 17389
What are the prime factors of 554262?
2, 3, 92377
List the prime factors of 165523.
165523
What are the prime factors of 6763776?
2, 3, 8807
What are the prime factors of 15302671?
2707, 5653
What are the prime factors of 318597?
3, 17, 6247
List the prime factors of 3810278.
2, 17, 112067
What are the prime factors of 665166?
2, 3, 59, 1879
List the prime factors of 333304.
2, 61, 683
What are the prime factors of 10018636?
2, 269, 9311
List the prime factors of 418042.
2, 209021
List the prime factors of 2017261.
23, 229, 383
What are the prime factors of 7794699?
3, 11, 109, 197
List the prime factors of 9874433.
17, 19, 1609
List the prime factors of 10030875.
3, 5, 23, 1163
List the prime factors of 765360.
2, 3, 5, 1063
What are the prime